{"id":2,"date":"2017-11-30T13:31:18","date_gmt":"2017-11-30T12:31:18","guid":{"rendered":"http:\/\/eveno.eu\/?page_id=2"},"modified":"2018-01-31T04:25:04","modified_gmt":"2018-01-31T03:25:04","slug":"page-d-exemple","status":"publish","type":"page","link":"https:\/\/eveno.eu\/","title":{"rendered":"Pr\u00e9sentation"},"content":{"rendered":"<p>Le but de ce site est de pr\u00e9senter mes travaux r\u00e9alis\u00e9s dans le cadre du <a href=\"http:\/\/www.univ-tlse2.fr\/accueil\/formation-insertion\/odf-2016-2020\/master-meef-e-formation-et-environnement-numerique-efen--330977.kjsp?RH=02Diplomes\" target=\"_blank\" rel=\"noopener\">Master 2 &#8220;e-Formation et Environnement Num\u00e9rique&#8221; (M2 eFEN)<\/a>, en particulier \u2013 mais pas uniquement \u2013 les ressources num\u00e9riques faites pour l&#8217;UE95 &#8220;Cr\u00e9ation de Ressources Num\u00e9riques&#8221; (CRN).<\/p>\n<p><img loading=\"lazy\" class=\"aligncenter wp-image-130\" src=\"http:\/\/eveno.eu\/wp-content\/uploads\/2018\/01\/Montage-Montagne-\u00e9toiles-Cpt.jpg\" alt=\"Ar\u00eate neigeuse sous un ciel \u00e9toil\u00e9\" width=\"964\" height=\"543\" srcset=\"https:\/\/eveno.eu\/wp-content\/uploads\/2018\/01\/Montage-Montagne-\u00e9toiles-Cpt.jpg 1920w, https:\/\/eveno.eu\/wp-content\/uploads\/2018\/01\/Montage-Montagne-\u00e9toiles-Cpt-300x169.jpg 300w, https:\/\/eveno.eu\/wp-content\/uploads\/2018\/01\/Montage-Montagne-\u00e9toiles-Cpt-768x432.jpg 768w, https:\/\/eveno.eu\/wp-content\/uploads\/2018\/01\/Montage-Montagne-\u00e9toiles-Cpt-1024x576.jpg 1024w, https:\/\/eveno.eu\/wp-content\/uploads\/2018\/01\/Montage-Montagne-\u00e9toiles-Cpt-1200x675.jpg 1200w\" sizes=\"(max-width: 709px) 85vw, (max-width: 909px) 67vw, (max-width: 1362px) 62vw, 840px\" \/><\/p>\n<blockquote><p><strong><em>Ressources de l&#8217;UE95:<\/em><\/strong><\/p>\n<p>\u2014 <strong>Diaporama interactif<\/strong><br \/>\n\u2022 <a href=\"http:\/\/eveno.eu\/?p=4\" target=\"_blank\" rel=\"noopener\">Article<\/a>\u00a0de pr\u00e9sentation<br \/>\n\u2022 <a href=\"http:\/\/eveno.eu\/M2efenUE95Ex4DiapoHtml5\/assets\/player\/KeynoteDHTMLPlayer.html\" target=\"_blank\" rel=\"noopener\">Diaporama proprement dit<\/a><br \/>\n\u2022 <a href=\"http:\/\/eveno.eu\/M2efenUE95Ex4DiapoHtml5\/M2efenUE93Dev3Portfolio.mp4\" target=\"_blank\" rel=\"noopener\">&#8220;Screencast&#8221; avec commentaire en off de ce diaporama<\/a><\/p>\n<p>\u2014 <strong>Images anim\u00e9es et sonoris\u00e9es &#8220;Tribulation d&#8217;un pendulaire&#8221;<\/strong><br \/>\n\u2022 <a href=\"http:\/\/eveno.eu\/?p=115\" target=\"_blank\" rel=\"noopener\">Article<\/a>\u00a0de pr\u00e9sentation<br \/>\n\u2022 <a href=\"http:\/\/eveno.eu\/M2eFEN\/UE95\/Dev1-2ImgAnimSono\/Dev1-2ImgAnimSono.mp4\" target=\"_blank\" rel=\"noopener\">L&#8217;animation elle-m\u00eame<\/a>\u00a0sans l&#8217;article de pr\u00e9sentation<br \/>\n\u2022 <a href=\"https:\/\/vimeo.com\/user79341192\/TribulationPendulaire\" target=\"_blank\" rel=\"noopener\">L&#8217;animation en streaming<\/a> depuis Vimeo<\/p>\n<p>\u2014 <strong>Tutoriel vid\u00e9o interactif<\/strong> pour une 1\u00e8re prise en main de \u00abStellarium\u00bb<br \/>\n\u2022 <a href=\"http:\/\/eveno.eu\/?p=37\" target=\"_blank\" rel=\"noopener\">Article<\/a>\u00a0de pr\u00e9sentation<br \/>\n\u2022 <a href=\"http:\/\/eveno.eu\/M2eFEN\/UE95\/Didacticiel\/StellariumDidacticiel\/index.html\" target=\"_blank\" rel=\"noopener\">Acc\u00e8s direct au tutoriel<\/a>\u00a0sans l&#8217;article de pr\u00e9sentation<br \/>\n\u2022 Le <a href=\"https:\/\/vimeo.com\/user79341192\/TutorielStellarium\" target=\"_blank\" rel=\"noopener\">tutoriel en streaming<\/a>, MAIS sans interactivit\u00e9.<\/p>\n<p>\u2014 <strong>2 petits questionnaires en ligne<\/strong> sur le th\u00e8me de l&#8217;astronomie<br \/>\n\u2022 <a href=\"http:\/\/eveno.eu\/?p=24\" target=\"_blank\" rel=\"noopener\">L&#8217;article<\/a> de pr\u00e9sentation<br \/>\n\u2022 Acc\u00e8s directs aux questionnaires (Google Forms)<br \/>\n\u00b0\u00a0<a href=\"https:\/\/docs.google.com\/forms\/d\/e\/1FAIpQLSfBEVxYsGUZlGToNVOnn9I-6OTFiCPDXosti6JKOaMeWyHDhg\/viewform\" target=\"_blank\" rel=\"noopener\">sur le ph\u00e9nom\u00e8ne de &#8220;Super Lune&#8221;<\/a><br \/>\n\u00b0 <a href=\"https:\/\/docs.google.com\/forms\/d\/e\/1FAIpQLSdVsCfdNnR0vIBL0AWtcQQCHp30pvHteNq264Hslq15k2CjoA\/viewform\" target=\"_blank\" rel=\"noopener\">sur l&#8217;orientation dans le ciel \u00e9toil\u00e9 en partant d&#8217;Orion<\/a><\/p>\n<p>\u2014 <strong>Une petite vid\u00e9o d&#8217;auto-pr\u00e9sentation en anglais<\/strong> (initialement pr\u00e9par\u00e9e pour l&#8217;UE d&#8217;anglais)<br \/>\n\u2022 <a href=\"http:\/\/eveno.eu\/?p=63\" target=\"_blank\" rel=\"noopener\">L&#8217;article<\/a> de pr\u00e9sentation<br \/>\n\u2022 <a href=\"https:\/\/eveno.eu\/M2eFEN\/UE95\/Dev5MiniVideo\/M2eFEN-UE95CRNDev5-Video.mp4\" target=\"_blank\" rel=\"noopener\">Acc\u00e8s direct \u00e0 ladite vid\u00e9o<\/a> sans pr\u00e9sentation<br \/>\n\u2022 <a href=\"https:\/\/vimeo.com\/user79341192\/VoyagesContemplations\" target=\"_blank\" rel=\"noopener\">Acc\u00e8s direct en streaming<\/a> depuis Vimeo<\/p>\n<p>\u2014 <strong>Aspects juridiques<\/strong> de la gestion d&#8217;un site et de la diffusion de ressources num\u00e9riques<br \/>\n\u2022 Les mentions l\u00e9gales sont accessibles en suivant le lien pr\u00e9sent au bas de chaque page ou article, ou en suivant <a href=\"https:\/\/eveno.eu\/M2eFEN\/MentionsLegales.htm\" target=\"_blank\" rel=\"noopener\">ce lien<\/a><br \/>\n\u2022 Ce site est sous la protection de la licence Creative Common (CC) BY-NC-SA ainsi que l&#8217;ensemble des ressources pr\u00e9sent\u00e9es (sauf exception d\u00fbment stipul\u00e9e) et le code l\u00e9gal associ\u00e9 \u00e0 chaque licence utilis\u00e9e accessible en cliquant sur le logo correspondant (pr\u00e9sent en fin d&#8217;article si la licence choisie est sp\u00e9cifique \u00e0 la ressource)<\/p>\n<p>\u2014 Indexation des ressources:<br \/>\n\u2022 Bref <a href=\"http:\/\/eveno.eu\/?p=93\" target=\"_blank\" rel=\"noopener\">article sur l&#8217;indexation du pr\u00e9sent site<\/a> consid\u00e9r\u00e9 comme une &#8220;m\u00e9ta-ressource&#8221;<\/p><\/blockquote>\n","protected":false},"excerpt":{"rendered":"<p>Le but de ce site est de pr\u00e9senter mes travaux r\u00e9alis\u00e9s dans le cadre du Master 2 &#8220;e-Formation et Environnement Num\u00e9rique&#8221; (M2 eFEN), en particulier \u2013 mais pas uniquement \u2013 les ressources num\u00e9riques faites pour l&#8217;UE95 &#8220;Cr\u00e9ation de Ressources Num\u00e9riques&#8221; (CRN). Ressources de l&#8217;UE95: \u2014 Diaporama interactif \u2022 Article\u00a0de pr\u00e9sentation \u2022 Diaporama proprement dit \u2022 &hellip; <a href=\"https:\/\/eveno.eu\/\" class=\"more-link\">Continue reading<span class=\"screen-reader-text\"> &#8220;Pr\u00e9sentation&#8221;<\/span><\/a><\/p>\n","protected":false},"author":1,"featured_media":0,"parent":0,"menu_order":0,"comment_status":"closed","ping_status":"closed","template":"","meta":[],"_links":{"self":[{"href":"https:\/\/eveno.eu\/index.php?rest_route=\/wp\/v2\/pages\/2"}],"collection":[{"href":"https:\/\/eveno.eu\/index.php?rest_route=\/wp\/v2\/pages"}],"about":[{"href":"https:\/\/eveno.eu\/index.php?rest_route=\/wp\/v2\/types\/page"}],"author":[{"embeddable":true,"href":"https:\/\/eveno.eu\/index.php?rest_route=\/wp\/v2\/users\/1"}],"replies":[{"embeddable":true,"href":"https:\/\/eveno.eu\/index.php?rest_route=%2Fwp%2Fv2%2Fcomments&post=2"}],"version-history":[{"count":7,"href":"https:\/\/eveno.eu\/index.php?rest_route=\/wp\/v2\/pages\/2\/revisions"}],"predecessor-version":[{"id":155,"href":"https:\/\/eveno.eu\/index.php?rest_route=\/wp\/v2\/pages\/2\/revisions\/155"}],"wp:attachment":[{"href":"https:\/\/eveno.eu\/index.php?rest_route=%2Fwp%2Fv2%2Fmedia&parent=2"}],"curies":[{"name":"wp","href":"https:\/\/api.w.org\/{rel}","templated":true}]}}